
3
Calculate the highest common factor of 152 and 114.
38
What is the greatest common divisor of 8 and 7576?
8
Calculate the greatest common factor of 35 and 91.
7
Calculate the highest common factor of 474 and 36.
6
What is the highest common factor of 22 and 1243?
11
Calculate the greatest common divisor of 3498 and 66.
66
Calculate the highest common divisor of 85 and 578.
17
What is the greatest common divisor of 45 and 81?
9
Calculate the highest common divisor of 7 and 1631.
7
What is the greatest common divisor of 90 and 10230?
30
What is the greatest common divisor of 71 and 3763?
71
Calculate the greatest common divisor of 60 and 4380.
60
What is the highest common factor of 1353 and 33?
33
Calculate the highest common factor of 20116 and 282.
94
What is the highest common divisor of 66 and 78?
6
What is the highest common factor of 3744 and 224?
32
Calculate the highest common factor of 477 and 583.
53
Calculate the greatest common divisor of 472 and 80.
8
What is the greatest common factor of 1179 and 131?
131
Calculate the greatest common divisor of 76 and 931.
19
Calculate the highest common factor of 56 and 1988.
28
Calculate the highest common factor of 18 and 747.
9
What is the greatest common divisor of 68 and 85?
17
What is the highest common factor of 35 and 80?
5
Calculate the highest common factor of 25 and 1975.
25
What is the highest common factor of 41180 and 116?
116
What is the highest common factor of 725 and 1189?
29
What is the highest common divisor of 395 and 20?
5
Calculate the highest common divisor of 405 and 630.
45
What is the greatest common factor of 1647 and 162?
27
Calculate the greatest common factor of 10 and 215.
5
Calculate the highest common factor of 16 and 2768.
16
What is the greatest common factor of 296 and 2479?
37
Calculate the greatest common divisor of 375 and 45.
15
Calculate the highest common factor of 198 and 1518.
66
Calculate the greatest common factor of 2502 and 27.
9
What is the greatest common factor of 168 and 42?
42
What is the greatest common divisor of 267 and 27857?
89
What is the highest common divisor of 548 and 1233?
137
Calculate the highest common divisor of 940 and 60.
20
What is the highest common divisor of 22 and 4411?
11
What is the highest common divisor of 208 and 13?
13
Calculate the greatest common divisor of 93 and 35898.
93
What is the greatest common factor of 9 and 2?
1
What is the greatest common factor of 312 and 1032?
24
What is the greatest common factor of 1176 and 1617?
147
Calculate the highest common factor of 253 and 11.
11
What is the highest common factor of 1125 and 45?
45
Calculate the highest common factor of 24 and 5512.
8
What is the greatest common divisor of 1332 and 36?
36
Calculate the highest common divisor of 1545 and 65.
5
Calculate the greatest common divisor of 13 and 26.
13
What is the highest common divisor of 1265 and 110?
55
Calculate the greatest common divisor of 768 and 32.
32
Calculate the greatest common factor of 8 and 1364.
4
Calculate the highest common factor of 7 and 518.
7
What is the highest common factor of 56 and 210?
14
Calculate the highest common divisor of 422 and 2.
2
What is the greatest common divisor of 21 and 4746?
21
Calculate the highest common factor of 2010 and 268.
134
Calculate the greatest common divisor of 144 and 384.
48
Calculate the greatest common divisor of 58 and 19981.
29
Calculate the greatest common divisor of 28 and 42.
14
What is the highest common factor of 88 and 198?
22
What is the highest common factor of 100 and 675?
25
What is the greatest common factor of 420 and 1110?
30
Calculate the highest common divisor of 9559 and 158.
79
What is the greatest common divisor of 52 and 117?
13
Calculate the greatest common divisor of 1376 and 160.
32
What is the highest common divisor of 164 and 5084?
164
Calculate the highest common factor of 3179 and 66.
11
What is the greatest common factor of 219 and 20148?
219
Calculate the greatest common factor of 950 and 100.
50
What is the greatest common factor of 29 and 1566?
29
Calculate the highest common factor of 103 and 4223.
103
What is the highest common divisor of 183 and 24?
3
What is the greatest common factor of 9 and 639?
9
What is the greatest common factor of 960 and 2208?
96
What is the highest common divisor of 95 and 76855?
95
Calculate the highest common divisor of 2376 and 72.
72
Calculate the greatest common divisor of 244 and 32.
4
Calculate the greatest common divisor of 225 and 120.
15
What is the greatest common factor of 44 and 268?
4
What is the highest common factor of 127 and 21082?
127
What is the greatest common factor of 10 and 775?
5
What is the highest common factor of 45 and 165?
15
Calculate the greatest common factor of 156 and 60.
12
What is the greatest common divisor of 594 and 231?
33
Calculate the greatest common factor of 57 and 1007.
19
What is the highest common factor of 102 and 78?
6
Calculate the highest common factor of 48 and 120.
24
What is the highest common divisor of 405 and 3375?
135
Calculate the greatest common divisor of 130 and 30.
10
Calculate the greatest common divisor of 80 and 144.
16
What is the highest common factor of 23 and 11063?
23
What is the greatest common divisor of 42 and 8337?
21
Calculate the greatest common factor of 2688 and 210.
42
What is the highest common divisor of 3402 and 84?
42
What is the greatest common factor of 250 and 40?
10
What is the greatest common divisor of 55 and 13035?
55
What is the greatest common divisor of 22 and 86?
2
What is the highest common factor of 117 and 9?
9
Calculate the highest common divisor of 15900 and 125.
25
Calculate the greatest common factor of 1863 and 3.
3
What is the greatest common divisor of 1554 and 168?
42
Calculate the highest common divisor of 252 and 868.
28
Calculate the greatest common divisor of 2040 and 72.
24
Calculate the greatest common divisor of 33 and 308.
11
Calculate the greatest common factor of 70 and 1043.
7
Calculate the highest common factor of 539 and 924.
77
Calculate the greatest common divisor of 94 and 94.
94
Calculate the highest common divisor of 18 and 14.
2
Calculate the greatest common factor of 429 and 264.
33
What is the greatest common factor of 13 and 416?
13
What is the greatest common factor of 10 and 730?
10
Calculate the highest common factor of 369 and 1968.
123
Calculate the greatest common divisor of 1862 and 95.
19
Calculate the greatest common factor of 6 and 1074.
6
Calculate the greatest common divisor of 13 and 68731.
13
Calculate the highest common divisor of 115 and 69.
23
What is the greatest common factor of 286 and 66?
22
Calculate the highest common factor of 310 and 25.
5
What is the highest common factor of 52 and 78?
26
Calculate the greatest common factor of 31 and 2.
1
What is the highest common factor of 2706 and 66?
66
Calculate the highest common divisor of 24 and 183.
3
Calculate the greatest common divisor of 352 and 5676.
44
What is the highest common divisor of 2257 and 1?
1
What is the highest common divisor of 314 and 4?
2
What is the highest common divisor of 46 and 2254?
46
Calculate the greatest common divisor of 110 and 1870.
110
Calculate the greatest common divisor of 650 and 52.
26
What is the greatest common factor of 1 and 1?
1
What is the highest common divisor of 12312 and 81?
81
What is the highest common divisor of 176 and 11?
11
Calculate the highest common factor of 2632 and 56.
56
What is the greatest common divisor of 10736 and 22?
22
Calculate the greatest common divisor of 315 and 3045.
105
What is the greatest common factor of 238 and 56?
14
What is the highest common divisor of 28 and 18452?
28
What is the highest common factor of 2651 and 4097?
241
What is the greatest common divisor of 850 and 2720?
170
What is the greatest common divisor of 834 and 6?
6
Calculate the highest common factor of 444 and 38406.
222
What is the greatest common divisor of 2792 and 8?
8
What is the greatest common factor of 90 and 1728?
18
What is the greatest common factor of 2104 and 8?
8
What is the highest common divisor of 270 and 30645?
135
What is the highest common factor of 1881 and 114?
57
What is the greatest common divisor of 53 and 848?
53
W